is 410 - -443303?
444113
In base 14, what is -5549 + 451b?
-102c
In base 15, what is -6d + -576574?
-5765e2
In base 7, what is 103 + -463665?
-463562
In base 10, what is -51 - 1946111?
-1946162
In base 8, what is -66263634 - 0?
-66263634
In base 8, what is 4 - 261537117?
-261537113
In base 2, what is -101 + 11110101110001000101000000?
11110101110001000100111011
In base 12, what is -837966a + 19?
-8379651
In base 11, what is 643 + 33aa?
3a42
In base 11, what is 38 + -103a56?
-103a19
In base 5, what is 0 - -423143204444?
423143204444
In base 4, what is 22 + 1110232113?
1110232201
In base 15, what is 9e293 + 23?
9e2b6
In base 3, what is -2101100022 + -12020?
-2101112112
In base 15, what is 14e7 - -34c8?
49c0
In base 4, what is 20112120332 - -11?
20112121003
In base 10, what is -3158717 + -15?
-3158732
In base 8, what is -2325 - 1600176?
-1602523
In base 8, what is 43761 + -433?
43326
In base 6, what is -20554 - -2331?
-14223
In base 13, what is 4 + -a1b943?
-a1b93c
In base 14, what is 4 + -8b641a?
-8b6416
In base 12, what is -482 - 359907?
-35a189
In base 5, what is 143311414 - -10024?
143321443
In base 8, what is 1 + -21070100?
-21070077
In base 7, what is 125626 + 36155?
165114
In base 16, what is -20 + 37bb9?
37b99
In base 3, what is -10210 - -10020000202?
10012212222
In base 11, what is 58960 + -30?
58930
In base 16, what is -6c5 - -266?
-45f
In base 5, what is 4 - -4233124121?
4233124130
In base 15, what is 0 - 378272?
-378272
In base 15, what is 517323 + 4?
517327
In base 2, what is 10100000111101110101 - -1111111111?
10100001001101110100
In base 16, what is b23 - -565e?
6181
In base 8, what is -24642264 + -5?
-24642271
In base 6, what is -343341 + 1054?
-342243
In base 6, what is -2 - 2023330103?
-2023330105
In base 10, what is 29178 + 69?
29247
In base 10, what is 173487484 - 4?
173487480
In base 9, what is -114 - 137202?
-137316
In base 14, what is -29a - -1767?
14ab
In base 14, what is -4 - 4d6a23?
-4d6a27
In base 5, what is 10 - 201012012?
-201012002
In base 8, what is -65 + 541365?
541300
In base 16, what is 163000 - e6?
162f1a
In base 15, what is 57 - -17a64?
17abb
In base 5, what is -310 + 2434010432?
2434010122
In base 2, what is -1010010001000 + -110110001010?
-10001000010010
In base 11, what is 817 + -61478?
-60761
In base 12, what is 4564596 + -2?
4564594
In base 13, what is 2 - 24084a5?
-24084a3
In base 6, what is 1510000 + -143?
1505413
In base 3, what is 10221221220202 + 12?
10221221220221
In base 2, what is -11010001110010101100 - -11110010?
-11010001101110111010
In base 7, what is 1366653116 + 2?
1366653121
In base 14, what is 3 + 1c89539?
1c8953c
In base 8, what is 2 + 126413355?
126413357
In base 4, what is 121312202302 - -2?
121312202310
In base 11, what is 400a7 + 744?
40840
In base 5, what is -101 + -23300411?
-23301012
In base 7, what is 4326 - -263520?
301146
In base 8, what is -275544 + -1214?
-276760
In base 8, what is -35457700 - 6?
-35457706
In base 14, what is 1ba7689 - 3?
1ba7686
In base 8, what is -1706 - 2003345?
-2005253
In base 5, what is 200200202 - -1?
200200203
In base 5, what is 2 - 10202324441?
-10202324434
In base 15, what is 4cc9d6c4 + -2?
4cc9d6c2
In base 12, what is 21 + -5ba16a?
-5ba149
In base 14, what is 29 + 2ccd95?
2ccdc0
In base 15, what is 10ba993 - -4?
10ba997
In base 3, what is -222101000001020 - -121?
-222101000000122
In base 6, what is 31 - -24303203?
24303234
In base 9, what is 45 + 185154?
185210
In base 8, what is -13423770 + 16?
-13423752
In base 5, what is 14 - 101114100?
-101114031
In base 4, what is -230213011 - -12113?
-230200232
In base 11, what is 586 - -25723?
261a9
In base 5, what is 0 - -102400144220?
102400144220
In base 7, what is -14 + -1212651324?
-1212651341
In base 12, what is 56 + -4b1a34?
-4b199a
In base 2, what is 10011000110010111 - -1001101010100?
10100010011101011
In base 3, what is -10 + -121011220221010?
-121011220221020
In base 16, what is 739f61 - 8?
739f59
In base 16, what is -23a1 + -376d?
-5b0e
In base 6, what is 4000 - 332?
3224
In base 2, what is 100 + 10011011110010100101000?
10011011110010100101100
In base 10, what is 1 + -294173?
-294172
In base 6, what is -3431 - 4224540?
-4232411
In base 5, what is -3 + -2213303313?
-2213303321
In base 14, what is -4515a53 - 0?
-4515a53
In base 12, what is -a9696491 - 2?
-a9696493
In base 3, what is -1000022 + -2010120200?
-2011120222
In base 15, what is 4584b + -2e1?
4555a
In base 13, what is 0 - b5916a?
-b5916a
In base 5, what is 10 - -113334034142?
113334034202
In base 12, what is -28a0905 + 2?
-28a0903
In base 12, what is 17b2 + 1451?
3043
In base 11, what is 21426463 - -5?
21426468
In base 2, what is 110000001010101001010110 - -100?
110000001010101001011010
In base 13, what is 6 + -1cc480a?
-1cc4804
In base 15, what is -1a1 + 1a95?
18e4
In base 16, what is 995cc26 + 1?
995cc27
In base 9, what is 244 + 3856460?
3856714
In base 13, what is -40047899 + 5?
-40047894
In base 4, what is -2 - -32301132103?
32301132101
In base 10, what is 89 + 4476?
4565
In base 9, what is 214047 - -1007?
215055
In base 14, what is 16d32da + 2?
16d32dc
In base 13, what is -7503 + 5a36?
-179a
In base 3, what is 12022011111100122022 - 12?
12022011111100122010
In base 16, what is 3 + ad3f657?
ad3f65a
In base 14, what is d + 31d571?
31d580
In base 2, what is 110000000011 - 11110111100001?
-11000111011110
In base 5, what is -4 + -110131000?
-110131004
In base 8, what is 1315423 + 15?
1315440
In base 2, what is 100001100010100110010 + -101?
100001100010100101101
In base 14, what is -26cb7 + -a?
-26cc3
In base 2, what is 1011 + 1001001101011101111100010?
1001001101011101111101101
In base 2, what is 11101000101100111 + -10101111111111?
11010010101101000
In base 9, what is -1 - -213303012?
213303011
In base 4, what is 2003223 - -31111?
2101000
In base 8, what is 14243542 - -1?
14243543
In base 11, what is -1 - 58aa812?
-58aa813
In base 9, what is 601724 - 23?
601701
In base 14, what is -2728 - -143?
-25c5
In base 12, what is -307a03 - -28?
-307997
In base 3, what is -110011 + -102122122111?
-102200002122
In base 8, what is -125461 - -700?
-124561
In base 14, what is 1 - 115c6c?
-115c6b
In base 5, what is 2041 - -221041140?
221043231
In base 13, what is c9 + -53a754?
-53a658
In base 15, what is 51 + 6e117d?
6e11ce
In base 4, what is 10 - 22121201232?
-22121201222
In base 7, what is 1 - 133536355?
-133536354
In base 9, what is 3 + -860525?
-860522
In base 10, what is -337 + 160073?
159736
In base 5, what is -134020120021 - 2?
-134020120023
In base 12, what is -464 + 4a34?
4590
In base 15, what is -1458320 - -1?
-145831e
In base 13, what is -17b9 - 216c?
-3958
In base 12, what is aa33 + -123?
a910
In base 2, what is 10010011111 + 11110100111?
110001000110
In base 9, what is 25875 - 66?
25808
In base 16, what is -46 + -2e6286?
-2e62cc
In base 8, what is 10105 + -16772?
-6665
In base 14, what is 38 - -595c?
5996
In base 8, what is 2 - 50661772?
-50661770
In base 16, what is 876 - -1df6e?
1e7e4
In base 7, what is -10 - -1562014?
1562004
In base 2, what is -1 - -1010111010110100001111110010?
1010111010110100001111110001
In base 6, what is -20510525 + 1255?
-20505230
In base 5, what is -3 + 122432002?
122431444
In base 5, what is -1211110 - -4033?
-1202022
In base 4, what is -2320121222 - 3?
-2320121231
In base 8, what is 1254577 + 20?
1254617
In base 4, what is 1211103321 + 10130?
1211120111
In base 10, what is 2 - -799536?
799538
In base 3, what is -21 + 21212021011111?
21212021011020
In base 15, what is -12b19 + ab?
-12a5d
In base 15, what is 79b - -4a2d?
52c9
In base 2, what is -1010011010100110001101 + 1011011?
-1010011010100100110010
In base 4, what is 21321102 - -2321?
21330023
In base 11, what is 469599174 - 1?
469599173
In base 13, what is -9727 - 333?
-9a5a
In base 2, what is -101101010111101010 + -100010011?
-101101011011111101
In base 10, what is -13092 + 27411?
14319
In base 16, what is -228 + 1c31?
1a09
In base 10, what is -647718 - 346?
-648064
In base 10, what is 21167 + -98?
21069
In base 5, what is -122220211 + 104?
-122220102
In base 11, what is 4208a37 - 4?
4208a33
In base 11, what is 6044 + -85a6?
-2562
In base 8, what is 600 - 146673?
-146073
In base 16, what is 2770c1 + 1?
2770c2
In base 5, what is 23 + 21120202010?
21120202